 thousands digit of 435193?
3
What is the units digit of 6513281?
1
What is the hundred thousands digit of 1081203?
0
What is the thousands digit of 22157426?
7
What is the thousands digit of 219173?
9
What is the thousands digit of 89593?
9
What is the thousands digit of 382041?
2
What is the tens digit of 15445224?
2
What is the tens digit of 47406?
0
What is the thousands digit of 783134?
3
What is the thousands digit of 4589088?
9
What is the thousands digit of 222117?
2
What is the hundreds digit of 301892?
8
What is the hundred thousands digit of 8973941?
9
What is the thousands digit of 247727?
7
What is the tens digit of 66490?
9
What is the ten millions digit of 13897712?
1
What is the ten thousands digit of 337509?
3
What is the millions digit of 2132924?
2
What is the hundred thousands digit of 33917101?
9
What is the thousands digit of 1518202?
8
What is the units digit of 63471?
1
What is the millions digit of 3148252?
3
What is the hundreds digit of 6740272?
2
What is the hundred thousands digit of 2630785?
6
What is the units digit of 290204?
4
What is the units digit of 35994745?
5
What is the thousands digit of 1009904?
9
What is the hundred thousands digit of 7825430?
8
What is the thousands digit of 393770?
3
What is the ten thousands digit of 481401?
8
What is the ten thousands digit of 579103?
7
What is the hundreds digit of 2349077?
0
What is the tens digit of 1753519?
1
What is the thousands digit of 305294?
5
What is the thousands digit of 57600?
7
What is the tens digit of 180198?
9
What is the ten thousands digit of 212212?
1
What is the tens digit of 344540?
4
What is the units digit of 199458?
8
What is the ten thousands digit of 14484?
1
What is the ten thousands digit of 90668?
9
What is the hundreds digit of 4331599?
5
What is the hundreds digit of 29801?
8
What is the hundred thousands digit of 760687?
7
What is the hundred thousands digit of 161365?
1
What is the hundred thousands digit of 200354?
2
What is the ten thousands digit of 98703?
9
What is the thousands digit of 2893172?
3
What is the millions digit of 1363002?
1
What is the thousands digit of 686193?
6
What is the millions digit of 4465483?
4
What is the hundred thousands digit of 9636023?
6
What is the hundreds digit of 7404009?
0
What is the ten thousands digit of 69994?
6
What is the units digit of 1410349?
9
What is the hundred thousands digit of 270637?
2
What is the units digit of 695719?
9
What is the thousands digit of 195671?
5
What is the hundreds digit of 577743?
7
What is the tens digit of 25559?
5
What is the thousands digit of 721241?
1
What is the units digit of 518729?
9
What is the ten thousands digit of 132728?
3
What is the hundred thousands digit of 324945?
3
What is the ten thousands digit of 3288200?
8
What is the units digit of 475843?
3
What is the thousands digit of 2667532?
7
What is the tens digit of 1792142?
4
What is the hundreds digit of 376747?
7
What is the hundreds digit of 1943653?
6
What is the tens digit of 294508?
0
What is the units digit of 6592231?
1
What is the hundreds digit of 3098373?
3
What is the hundreds digit of 645443?
4
What is the tens digit of 384506?
0
What is the units digit of 395242?
2
What is the hundred thousands digit of 25899761?
8
What is the tens digit of 11307374?
7
What is the units digit of 8715720?
0
What is the hundreds digit of 1931423?
4
What is the hundreds digit of 1617835?
8
What is the units digit of 18728379?
9
What is the units digit of 2647929?
9
What is the hundred thousands digit of 8997139?
9
What is the thousands digit of 8694922?
4
What is the millions digit of 5671287?
5
What is the ten thousands digit of 333516?
3
What is the hundred thousands digit of 16080366?
0
What is the hundreds digit of 2408431?
4
What is the thousands digit of 255829?
5
What is the hundred thousands digit of 1058822?
0
What is the ten thousands digit of 176193?
7
What is the ten thousands digit of 3089960?
8
What is the hundreds digit of 420608?
6
What is the hundred thousands digit of 916272?
9
What is the thousands digit of 17327611?
7
What is the hundred thousands digit of 686053?
6
What is the thousands digit of 169438?
9
What is the ten thousands digit of 20685171?
8
What is the millions digit of 1111977?
1
What is the units digit of 159110?
0
What is the units digit of 272360?
0
What is the hundreds digit of 262609?
6
What is the hundreds digit of 1749939?
9
What is the tens digit of 262064?
6
What is the ten thousands digit of 145419?
4
What is the units digit of 288294?
4
What is the ten thousands digit of 1125216?
2
What is the thousands digit of 3663172?
3
What is the millions digit of 1070193?
1
What is the tens digit of 4251254?
5
What is the ten thousands digit of 8719733?
1
What is the ten thousands digit of 302540?
0
What is the tens digit of 2639807?
0
What is the thousands digit of 486469?
6
What is the millions digit of 5398455?
5
What is the hundred thousands digit of 8323181?
3
What is the tens digit of 31191364?
6
What is the thousands digit of 63514?
3
What is the units digit of 15817440?
0
What is the hundreds digit of 2593543?
5
What is the ten thousands digit of 43608?
4
What is the units digit of 705450?
0
What is the hundreds digit of 2990343?
3
What is the units digit of 38141?
1
What is the thousands digit of 969070?
9
What is the thousands digit of 2405737?
5
What is the hundreds digit of 218418?
4
What is the tens digit of 178667?
6
What is the ten thousands digit of 14383007?
8
What is the millions digit of 1394006?
1
What is the hundreds digit of 1376446?
4
What is the hundreds digit of 232528?
5
What is the hundreds digit of 241115?
1
What is the tens digit of 1023968?
6
What is the units digit of 4665718?
8
What is the hundreds digit of 232828?
8
What is the hundreds digit of 2694090?
0
What is the hundred thousands digit of 3126281?
1
What is the thousands digit of 3198829?
8
What is the hundreds digit of 3603054?
0
What is the tens digit of 216066?
6
What is the thousands digit of 13118?
3
What is the millions digit of 2873047?
2
What is the thousands digit of 140633?
0
What is the thousands digit of 177488?
7
What is the ten thousands digit of 8749844?
4
What is the hundreds digit of 3167109?
1
What is the thousands digit of 479346?
9
What is the hundred thousands digit of 970282?
9
What is the thousands digit of 1295845?
5
What is the ten millions digit of 17254423?
1
What is the hundreds digit of 19228713?
7
What is the hundreds digit of 236955?
9
What is the hundreds digit of 164182?
1
What is the hundred thousands digit of 1068035?
0
What is the tens digit of 1133166?
6
What is the ten thousands digit of 811958?
1
What is the hundred thousands digit of 586748?
5
What is the hundred thousands digit of 2290245?
2
What is the hundred thousands digit of 32302502?
3
What is the ten thousands digit of 18521417?
2
What is the units digit of 16078738?
8
What is the tens digit of 15154703?
0
What is the millions digit of 5047017?
5
What is the hundred thousands digit of 940205?
9
What is the units digit of 1714259?
9
What is the ten thousands digit of 510285?
1
What is the units digit of 961234?
4
What is the millions digit of 2403489?
2
What is the hundreds digit of 777569?
5
What is the hundreds digit of 9100727?
7
What is the tens digit of 155248?
4
What is the hundred thousands digit of 10381728?
3
What is the hundreds digit of 2553932?
9
What is the ten thousands digit of 233576?
3
What is the thousands digit of 748215?
8
What is the millions digit of 15631661?
5
What is the ten thousands digit of 425202?
2
What is the ten thousands digit of 250610?
5
What is the ten millions digit of 19965648?
1
What is the thousands digit of 296318?
6
What is the hundred thousands digit of 277748?
2
What is the units digit of 481625?
5
What is the ten millions digit of 20163761?
2
What is the ten thousands digit of 26997068?
9
What is the tens digit of 117703?
0
What is the hundreds digit of 3537108?
1
What is the tens digit of 2560378?
7
What is the units digit of 229889?
9
What is the hundreds digit of 328744?
7
What is the hundreds digit of 692989?
9
What is the hundreds digit of 2388399?
3
What is the tens digit of 14071894?
9
What is the millions digit of 10577